t is the thousands digit of 21505639?
5
What is the ten thousands digit of 19394682?
9
What is the hundreds digit of 3181228?
2
What is the hundred thousands digit of 1456326?
4
What is the thousands digit of 145220?
5
What is the hundreds digit of 7555190?
1
What is the tens digit of 734989?
8
What is the tens digit of 778103?
0
What is the hundred thousands digit of 574249?
5
What is the hundreds digit of 389737?
7
What is the ten millions digit of 16946987?
1
What is the millions digit of 3375614?
3
What is the ten thousands digit of 2861818?
6
What is the thousands digit of 143253?
3
What is the ten thousands digit of 4466538?
6
What is the hundreds digit of 1134011?
0
What is the tens digit of 18252700?
0
What is the units digit of 7690804?
4
What is the tens digit of 874119?
1
What is the hundred thousands digit of 388904?
3
What is the hundreds digit of 2116786?
7
What is the hundred thousands digit of 7718131?
7
What is the units digit of 1108967?
7
What is the units digit of 2432075?
5
What is the hundred thousands digit of 253960?
2
What is the millions digit of 3972375?
3
What is the tens digit of 18819452?
5
What is the hundreds digit of 2688693?
6
What is the units digit of 87714?
4
What is the hundred thousands digit of 284539?
2
What is the hundred thousands digit of 6845362?
8
What is the hundred thousands digit of 15558794?
5
What is the ten thousands digit of 4918993?
1
What is the hundreds digit of 7713794?
7
What is the hundred thousands digit of 1066628?
0
What is the hundred thousands digit of 416135?
4
What is the hundreds digit of 527206?
2
What is the thousands digit of 17488?
7
What is the units digit of 401895?
5
What is the tens digit of 15610966?
6
What is the hundreds digit of 1964725?
7
What is the hundred thousands digit of 165192?
1
What is the millions digit of 2809774?
2
What is the hundreds digit of 811090?
0
What is the tens digit of 8817858?
5
What is the hundreds digit of 402161?
1
What is the units digit of 1277541?
1
What is the tens digit of 397896?
9
What is the tens digit of 2128320?
2
What is the ten thousands digit of 3137221?
3
What is the hundreds digit of 165799?
7
What is the hundreds digit of 489826?
8
What is the hundred thousands digit of 197519?
1
What is the hundred thousands digit of 1426751?
4
What is the ten thousands digit of 220958?
2
What is the units digit of 367368?
8
What is the units digit of 21610074?
4
What is the ten thousands digit of 6744252?
4
What is the ten thousands digit of 145527?
4
What is the hundred thousands digit of 753948?
7
What is the tens digit of 1361981?
8
What is the millions digit of 6363568?
6
What is the hundreds digit of 446414?
4
What is the tens digit of 1440732?
3
What is the units digit of 4032707?
7
What is the units digit of 54790?
0
What is the hundred thousands digit of 589632?
5
What is the hundreds digit of 302250?
2
What is the tens digit of 11551036?
3
What is the tens digit of 17451697?
9
What is the hundreds digit of 631139?
1
What is the tens digit of 154431?
3
What is the ten thousands digit of 1851797?
5
What is the hundred thousands digit of 185337?
1
What is the ten thousands digit of 27065?
2
What is the thousands digit of 2956915?
6
What is the hundred thousands digit of 478271?
4
What is the units digit of 53612?
2
What is the ten thousands digit of 17896077?
9
What is the hundreds digit of 34879413?
4
What is the units digit of 655353?
3
What is the millions digit of 27903832?
7
What is the thousands digit of 8732739?
2
What is the ten thousands digit of 191327?
9
What is the tens digit of 26712049?
4
What is the hundred thousands digit of 915629?
9
What is the millions digit of 9026126?
9
What is the thousands digit of 424164?
4
What is the ten thousands digit of 3799497?
9
What is the hundred thousands digit of 3134540?
1
What is the ten thousands digit of 318584?
1
What is the ten thousands digit of 4798823?
9
What is the units digit of 1203423?
3
What is the tens digit of 335763?
6
What is the ten thousands digit of 8143382?
4
What is the tens digit of 4325116?
1
What is the units digit of 314987?
7
What is the tens digit of 1875714?
1
What is the units digit of 35413761?
1
What is the tens digit of 807291?
9
What is the hundreds digit of 845526?
5
What is the tens digit of 436331?
3
What is the hundreds digit of 1208353?
3
What is the tens digit of 191586?
8
What is the thousands digit of 17928063?
8
What is the tens digit of 1178057?
5
What is the units digit of 130529?
9
What is the hundreds digit of 62683?
6
What is the hundreds digit of 69137?
1
What is the hundreds digit of 2201196?
1
What is the ten thousands digit of 267897?
6
What is the hundreds digit of 3307203?
2
What is the tens digit of 299775?
7
What is the units digit of 14642031?
1
What is the ten millions digit of 16696583?
1
What is the hundred thousands digit of 233367?
2
What is the ten thousands digit of 2696455?
9
What is the thousands digit of 1827122?
7
What is the thousands digit of 7866491?
6
What is the hundred thousands digit of 321807?
3
What is the hundreds digit of 483807?
8
What is the thousands digit of 67769?
7
What is the thousands digit of 65157?
5
What is the ten thousands digit of 245704?
4
What is the thousands digit of 21268770?
8
What is the tens digit of 3037382?
8
What is the tens digit of 840391?
9
What is the thousands digit of 346022?
6
What is the ten thousands digit of 185159?
8
What is the units digit of 613912?
2
What is the tens digit of 15977092?
9
What is the thousands digit of 5077328?
7
What is the millions digit of 7495737?
7
What is the tens digit of 8388458?
5
What is the ten thousands digit of 9754253?
5
What is the tens digit of 1812827?
2
What is the hundreds digit of 345981?
9
What is the ten thousands digit of 9016741?
1
What is the hundreds digit of 139859?
8
What is the ten thousands digit of 3188031?
8
What is the units digit of 417244?
4
What is the hundred thousands digit of 2009116?
0
What is the tens digit of 184514?
1
What is the thousands digit of 24469?
4
What is the ten thousands digit of 1908173?
0
What is the hundred thousands digit of 471896?
4
What is the thousands digit of 313527?
3
What is the units digit of 1762686?
6
What is the millions digit of 3824476?
3
What is the tens digit of 177830?
3
What is the hundreds digit of 1006023?
0
What is the ten thousands digit of 75391?
7
What is the hundreds digit of 11325395?
3
What is the hundreds digit of 2171478?
4
What is the ten millions digit of 16208036?
1
What is the units digit of 1249825?
5
What is the units digit of 9101683?
3
What is the hundreds digit of 164361?
3
What is the hundreds digit of 10386227?
2
What is the hundreds digit of 613309?
3
What is the hundred thousands digit of 443610?
4
What is the thousands digit of 2458660?
8
What is the thousands digit of 55253?
5
What is the hundred thousands digit of 4588319?
5
What is the ten thousands digit of 57521?
5
What is the ten thousands digit of 141580?
4
What is the ten thousands digit of 86862?
8
What is the units digit of 6694072?
2
What is the hundreds digit of 1953587?
5
What is the hundreds digit of 1439405?
4
What is the ten millions digit of 12409523?
1
What is the hundreds digit of 217037?
0
What is the hundreds digit of 514637?
6
What is the hundred thousands digit of 2978265?
9
What is the hundred thousands digit of 185443?
1
What is the hundred thousands digit of 2612068?
6
What is the tens digit of 5733859?
5
What is the hundred thousands digit of 260455?
2
What is the hundred thousands digit of 4995055?
9
What is the units digit of 128404?
4
What is the hundred thousands digit of 4449958?
4
What is the units digit of 40594756?
6
What is the tens digit of 1022694?
9
What is the hundred thousands digit of 1260190?
2
What is the hundreds digit of 775986?
9
What is the thousands digit of 2133691?
3
What is the hundred thousands digit of 23470551?
4
What is the units digit of 796494?
4
What is the hundred thousands digit of 1277908?
2
What is the ten thousands digit of 232599?
3
What is the ten thousands digit of 729107?
2
What is the thousands digit of 2583?
2
What is the thousands digit of 3285053?
5
What is the hundred thousands digit of 437058?
4
What is the thousands dig